{"id":3876,"date":"2022-05-30T16:36:45","date_gmt":"2022-05-30T16:36:45","guid":{"rendered":"https:\/\/www.eucnc.eu\/?page_id=3876"},"modified":"2022-05-30T16:36:45","modified_gmt":"2022-05-30T16:36:45","slug":"poster-session-b","status":"publish","type":"page","link":"https:\/\/www.eucnc.eu\/programme\/poster-session-b\/","title":{"rendered":"Poster Session B"},"content":{"rendered":"<div class=\"fusion-fullwidth fullwidth-box fusion-builder-row-1 fusion-flex-container nonhundred-percent-fullwidth non-hundred-percent-height-scrolling\" style=\"background-color: rgba(255,255,255,0);background-position: center center;background-repeat: no-repeat;border-width: 0px 0px 0px 0px;border-color:#e2e2e2;border-style:solid;\" ><div class=\"fusion-builder-row fusion-row fusion-flex-align-items-flex-start\" style=\"max-width:1248px;margin-left: calc(-4% \/ 2 );margin-right: calc(-4% \/ 2 );\"><div class=\"fusion-layout-column fusion_builder_column fusion-builder-column-0 fusion_builder_column_1_1 1_1 fusion-flex-column\"><div class=\"fusion-column-wrapper fusion-flex-justify-content-flex-start fusion-content-layout-column\" style=\"background-position:left top;background-repeat:no-repeat;-webkit-background-size:cover;-moz-background-size:cover;-o-background-size:cover;background-size:cover;padding: 0px 0px 0px 0px;\"><div class=\"fusion-text fusion-text-1\"><h6>Thursday, 9 June 2022, 12:00-12:30, Room Kilimandjaro &amp; Mont-Blanc<\/h6>\n<p><strong>Session Chair: <\/strong>Tbd<\/p>\n<p><strong><span class=\"papertitle\">5G V2X Pilot to Enhance Road Safety<\/span><\/strong><br \/>\nPaulo Marques (Instituto Politecnico de Castelo Branco, Portugal); Hugo Marques (Instituto Polit\u00e9cnico de Castelo Branco, Portugal)<\/p>\n<p><strong><span class=\"papertitle\">SELMA: SEmantic Large-Scale Multimodal Acquisitions in Variable Weather, Daytime and Viewpoints for Autonomous Driving Research<\/span><\/strong><br \/>\nPaolo Testolina (University of Padova, Italy); Francesco Barbato (University of Padua, Italy); Umberto Michieli, Marco Giordani, Pietro Zanuttigh and Michele Zorzi (University of Padova, Italy)<\/p>\n<p><strong><span class=\"papertitle\">5GMED Connected and Automated Mobility and Future Railway Mobile Communication Use Cases in the Mediterranean Cross-Border Corridor<\/span><\/strong><br \/>\nJad Nasreddine (i2CAT Foundation, Spain); Ricard Vilalta (Centre Tecnol\u00f2gic de Telecomunicacions de Catalunya (CTTC\/CERCA), Spain); Giovanni Rigazzi (Cellnex Telecom, Spain); Philippe Veyssiere (IRT Saint Exupery, France); Raul Gonzalez (Cellnex Telecom.com, Spain); Francisco V\u00e1zquez-Gallego (i2CAT, Spain)<\/p>\n<p><strong><span class=\"papertitle\">Specification of Future Wireless Communication Systems and 6G for Industrial Automation &#8211; How to Consider the Time and Error Behaviour of the Communication and Its Constraints?<\/span><\/strong><br \/>\nGustavo Cainelli (Institut Fur Automation Und Kommunikation, Germany); Olaf Albert (Institut f\u00fcr Automation und Kommunikation e. V. Magdeburg, Germany); Lisa Underberg (Ifak, Germany)<\/p>\n<p><strong><span class=\"papertitle\">Mathematical Description of User Satisfaction for UAV-Aided Vehicular Networks<\/span><\/strong><br \/>\nFrancesca Conserva (University of Bologna &amp; WiLab\/CNIT, Italy); Roberto Verdone (University of Bologna, Italy)<\/p>\n<p><strong><span class=\"papertitle\">Multi-Sided Matching for the Association of Space-Air-Ground Integrated Systems<\/span><\/strong><br \/>\nHajar EL Hammouti (Mohammed VI Polytechnic University, Morocco); Doha Hamza Mohamed (KAUST, Saudi Arabia); Jeff Shamma (King Abdullah University of Science and Technology (KAUST) &amp; Georgia Institute of Technology, Saudi Arabia); Mohamed-Slim Alouini (King Abdullah University of Science and Technology (KAUST), Saudi Arabia)<\/p>\n<p><strong><span class=\"papertitle\">Optimal Network Deployment for Global Connectivity<\/span><\/strong><br \/>\nFares Fourati (KAUST, Saudi Arabia); Aniq Ur Rahman (King Abdullah University of Science and Technology, Saudi Arabia); Khac-Hoang Ngo (Chalmers University of Technology, Sweden); Edward Oughton (George Mason University, USA); Anish Jindal (Durham University &amp; University of Essex, United Kingdom (Great Britain)); Mohamed-Slim Alouini (King Abdullah University of Science and Technology (KAUST), Saudi Arabia)<\/p>\n<p><strong><span class=\"papertitle\">Performance Evaluation of NOMA for Aerial-Aided mmWave Vehicular Communications<\/span><\/strong><br \/>\nAbdullah Abu Zaid and Baha Eddine Youcef Belmekki (King Abdullah University of Science and Technology, Saudi Arabia); Mohamed-Slim Alouini (King Abdullah University of Science and Technology (KAUST), Saudi Arabia)<\/p>\n<p><strong><span class=\"papertitle\">Partitioned Bandwidth Minimization Using Multiple Numerologies in Next Generation Cellular Systems<\/span><\/strong><br \/>\nYa\u011f\u0131z Can \u00c7a\u011fan and Yalcin Sadi (Kadir Has University, Turkey)<\/p>\n<p><strong><span class=\"papertitle\">Cellular Network Capacity and Coverage Enhancement with MDT Data and Deep Reinforcement Learning<\/span><\/strong><br \/>\nMarco Skocaj (University of Bologna &amp; WiLab, CNIT, Italy); Lorenzo Mario Amorosa (University of Bologna, Italy); Giorgio Ghinamo and Giuliano Muratore (Tim Telecom Italia, Italy); Davide Micheli (Telecom Italia &#8211; TILAB, Italy); Flavio Zabini and Roberto Verdone (University of Bologna, Italy)<\/p>\n<p><strong><span class=\"papertitle\">Terahertz-Band Ultra-Massive MIMO Detection<\/span><\/strong><br \/>\nHakim Jemaa (KAUST, USA); Hadi Sarieddeen (MIT, USA); Mohamed-Slim Alouini (King Abdullah University of Science and Technology (KAUST), Saudi Arabia); Tareq Y. Al-Naffouri (King Abdullah University of Science and Technology, USA)<\/p>\n<p><strong><span class=\"papertitle\">Navigable Architectures for 6G Complex Communication Networks<\/span><\/strong><br \/>\nZalan Heszberger and Vilmos N\u00e9meth (Budapest University of Technology and Ec., Hungary); Jozsef Biro (Budapest University of Technology and Economics, Hungary)<\/p>\n<\/div><\/div><style type=\"text\/css\">.fusion-body .fusion-builder-column-0{width:100% !important;margin-top : 0px;margin-bottom : 20px;}.fusion-builder-column-0 > .fusion-column-wrapper {padding-top : 0px !important;padding-right : 0px !important;margin-right : 1.92%;padding-bottom : 0px !important;padding-left : 0px !important;margin-left : 1.92%;}@media only screen and (max-width:1024px) {.fusion-body .fusion-builder-column-0{width:100% !important;order : 0;}.fusion-builder-column-0 > .fusion-column-wrapper {margin-right : 1.92%;margin-left : 1.92%;}}@media only screen and (max-width:640px) {.fusion-body .fusion-builder-column-0{width:100% !important;order : 0;}.fusion-builder-column-0 > .fusion-column-wrapper {margin-right : 1.92%;margin-left : 1.92%;}}<\/style><\/div><\/div><style type=\"text\/css\">.fusion-body .fusion-flex-container.fusion-builder-row-1{ padding-top : 0px;margin-top : 0px;padding-right : 0px;padding-bottom : 0px;margin-bottom : 0px;padding-left : 0px;}<\/style><\/div>\n","protected":false},"excerpt":{"rendered":"","protected":false},"author":2,"featured_media":0,"parent":464,"menu_order":175,"comment_status":"closed","ping_status":"closed","template":"","meta":[],"_links":{"self":[{"href":"https:\/\/www.eucnc.eu\/wp-json\/wp\/v2\/pages\/3876"}],"collection":[{"href":"https:\/\/www.eucnc.eu\/wp-json\/wp\/v2\/pages"}],"about":[{"href":"https:\/\/www.eucnc.eu\/wp-json\/wp\/v2\/types\/page"}],"author":[{"embeddable":true,"href":"https:\/\/www.eucnc.eu\/wp-json\/wp\/v2\/users\/2"}],"replies":[{"embeddable":true,"href":"https:\/\/www.eucnc.eu\/wp-json\/wp\/v2\/comments?post=3876"}],"version-history":[{"count":2,"href":"https:\/\/www.eucnc.eu\/wp-json\/wp\/v2\/pages\/3876\/revisions"}],"predecessor-version":[{"id":3878,"href":"https:\/\/www.eucnc.eu\/wp-json\/wp\/v2\/pages\/3876\/revisions\/3878"}],"up":[{"embeddable":true,"href":"https:\/\/www.eucnc.eu\/wp-json\/wp\/v2\/pages\/464"}],"wp:attachment":[{"href":"https:\/\/www.eucnc.eu\/wp-json\/wp\/v2\/media?parent=3876"}],"curies":[{"name":"wp","href":"https:\/\/api.w.org\/{rel}","templated":true}]}}